 is p(0)?
-32
Let y(d) = d**3 - 4*d**2 - 4*d - 17. Determine y(6).
31
Let j(i) = i + 9. Calculate j(-4).
5
Let r(w) = w**3 + w**2 - 4*w + 15. Determine r(-5).
-65
Let c(h) = -h**3 + 8*h**2 - 5*h. Give c(7).
14
Let s(k) = -k**2 + 6*k. Calculate s(4).
8
Let u(n) = 6*n - 1. Give u(6).
35
Let w(u) = -3*u + 1. Calculate w(-2).
7
Let p(n) = n**2 + 5*n + 8. Give p(7).
92
Let d(c) = c**3 - 5*c**2 - 8*c + 4. Determine d(5).
-36
Let q(p) = p**3 - 50*p**2 + p - 55. Determine q(50).
-5
Let a(o) = 2*o**2 - 5. Give a(-2).
3
Let j(t) = -2*t**2 - 7*t + 4. What is j(-4)?
0
Let u(j) = -j**3 - 16*j**2 + 19*j - 11. Calculate u(-17).
-45
Let a(g) = g**2 + 2*g + 5. Give a(-3).
8
Let v(o) = 2*o**2 - 3*o + 6. Determine v(0).
6
Let p(h) = -h**3 - 10*h**2 + 26*h + 27. Give p(-12).
3
Let v(n) = n + 14. Calculate v(-18).
-4
Let z(l) = 5*l - 35. Determine z(3).
-20
Let k(v) = v**2 - 8*v - 5. Determine k(8).
-5
Let k(g) = g**3 - 7*g**2 - 8*g + 3. Calculate k(8).
3
Let v(n) = -24*n. Give v(-2).
48
Let a(t) = -5*t - 184. What is a(-37)?
1
Let r(c) = -2*c**2 - 13*c + 9. Calculate r(-7).
2
Let n(j) = j**3 - 2*j**2 - 2*j + 4. What is n(2)?
0
Let f(v) = -42*v - 320. Calculate f(-8).
16
Let j(i) = -2*i + 17. What is j(5)?
7
Let z(x) = 9*x - 3. Give z(2).
15
Let x(j) = j**3 - 7*j**2 - 4*j - 6. Calculate x(6).
-66
Let a(v) = -v**3 - 5*v**2 - v + 7. Give a(-3).
-8
Let a(g) = -g**3 - 13*g**2 - 13*g - 1. What is a(-12)?
11
Let w(j) = j**2 + 40*j + 34. Determine w(-39).
-5
Let k(u) = -u**3 - 9*u**2 + u + 10. Calculate k(-9).
1
Let h(q) = -q**3 + 10*q**2 - 14*q - 25. What is h(8)?
-9
Let s(b) = 8*b + 6. Determine s(-4).
-26
Let h(c) = -c + 4. Give h(5).
-1
Let j(s) = -10*s**2 + 3*s - 2. Calculate j(1).
-9
Let k(o) = -2*o**3 - o**2 + 5. What is k(-3)?
50
Let h(i) = -i**3 - 14*i**2 - 24*i + 1. What is h(-12)?
1
Let s(q) = -q**3 + 6*q**2 + 9*q + 1. Determine s(7).
15
Let b(l) = -l**2 - 15*l - 4. Calculate b(-12).
32
Let h(p) = 2*p**2 - 1. Give h(1).
1
Let t(m) = m - 19. What is t(23)?
4
Let o(x) = -5*x**3 - 1. Give o(1).
-6
Let o(w) = w**3 - 10*w**2 + 5*w + 13. What is o(9)?
-23
Let u(r) = r**3 + 2*r**2 + r - 4. Calculate u(-4).
-40
Let u(w) = -2*w**3 - 6*w**2 - 2*w - 4. What is u(-4)?
36
Let f(w) = -29*w + 7. Give f(-5).
152
Let z(n) = n**3 + 9*n**2 - 23*n - 9. Give z(-11).
2
Let j(f) = -8*f + 24. Give j(3).
0
Let m(u) = -12*u**2 + 217*u - 23. Give m(18).
-5
Let q(t) = -2*t**2 - 26*t - 7. Determine q(-13).
-7
Let m(b) = -b**3 + 13*b**2 - 11*b - 1. What is m(12)?
11
Let o(c) = -3*c**2 - 75*c + 36. What is o(-26)?
-42
Let c(w) = w**2 - 16*w + 22. Give c(6).
-38
Let i(k) = -3*k - 49. Calculate i(-16).
-1
Let a(u) = -u - 20. What is a(-12)?
-8
Let x(a) = -a + 7. What is x(-6)?
13
Let p(m) = 33*m - 5. Give p(-1).
-38
Let t(b) = b**3 - 12*b**2 + 12*b + 2. Calculate t(11).
13
Let z(q) = q**3 - 19*q**2 + q - 24. Give z(0).
-24
Let b(u) = u**3 + 9*u**2 - 13*u - 19. Determine b(-10).
11
Let q(t) = 34*t**2 + 2*t + 1. What is q(-1)?
33
Let q(y) = -34*y + 9. Give q(2).
-59
Let t(q) = 16*q + 3. Give t(-4).
-61
Let q(c) = -20*c + 42. Calculate q(3).
-18
Let r(j) = -j**2 + 14*j - 17. What is r(13)?
-4
Let j(s) = s**3 - 5*s**2 + 2*s - 5. What is j(5)?
5
Let t(m) = -4*m - 1. Calculate t(6).
-25
Let b(l) = 4*l**2 + 19*l + 1. What is b(0)?
1
Let r(y) = y**2 - 21*y + 46. Give r(19).
8
Let c(h) = -h**3 - h**2 + 3*h - 1. Determine c(3).
-28
Let o(v) = -v**3 - 11*v + 12. Give o(0).
12
Let a(p) = -p. What is a(-4)?
4
Let v(q) = 6*q**2 + 1. What is v(-2)?
25
Let y(s) = -10*s - 41. Calculate y(7).
-111
Let u(i) = 16*i - 39. Determine u(3).
9
Let i(w) = -5*w + 22. What is i(8)?
-18
Let m(t) = -3*t**2 - 9*t - 7. Give m(-2).
-1
Let g(a) = -a**3 + 13*a**2 + a - 11. Determine g(13).
2
Let k(w) = 7*w**3 - 4*w**2 - 3*w - 1. Give k(-2).
-67
Let j(x) = 4*x - 14. Calculate j(5).
6
Let u(w) = -3*w**3 - w**2 + 4*w + 5. What is u(-2)?
17
Let t(d) = -6*d + 11. Calculate t(4).
-13
Let t(p) = p + 84. What is t(-26)?
58
Let v(i) = i - 1. Calculate v(5).
4
Let w(v) = -44*v + 313. Determine w(7).
5
Let k(u) = 3*u - 2. Calculate k(3).
7
Let n(z) = 21*z**3 + 2*z**2 + 2*z + 1. Calculate n(-1).
-20
Let d(a) = 2*a**2 + 24*a - 3. Give d(-13).
23
Let g(l) = -2*l - 3. Determine g(8).
-19
Let t(n) = n**2 + 9*n + 7. Calculate t(-9).
7
Let t(n) = 59*n - 3. Give t(0).
-3
Let z(l) = -l**3 + 8*l**2 - 2. Give z(8).
-2
Let n(x) = 20*x + 19. What is n(-1)?
-1
Let x(h) = h - 7. Give x(7).
0
Let f(z) = 16*z + 39. What is f(-2)?
7
Let u(v) = 2*v**3 + 3*v**2 + 2*v. Calculate u(-2).
-8
Let w(i) = i**3 - 31*i**2 - 2*i + 63. Give w(31).
1
Let m(w) = w**3 + 16*w**2 - 7*w + 24. What is m(-16)?
136
Let m(h) = 55*h. What is m(1)?
55
Let i(s) = -s**3 - 3*s**2 + 34*s - 9. What is i(-8)?
39
Let p(y) = -y**2 - 6*y - 29. Determine p(-10).
-69
Let i(q) = 5*q**2 + 6*q - 15. What is i(-7)?
188
Let n(s) = s**2 - 21*s + 9. Calculate n(20).
-11
Let c(l) = -l - 2. What is c(12)?
-14
Let y(s) = -s**3 + 13*s**2 - 10*s - 18. Determine y(12).
6
Let t(q) = -7*q + 41. Determine t(9).
-22
Let z(y) = 5*y + 3. Calculate z(5).
28
Let w(c) = -c**3 + 20*c**2 - 64*c + 8. Calculate w(16).
8
Let y(a) = 2*a**3 + 9*a**2 - 7*a - 5. What is y(-5)?
5
Let i(n) = -14*n - 72. What is i(-4)?
-16
Let a(r) = 24*r**2 + 1. Determine a(1).
25
Let i(v) = 2*v**2 + 20*v + 3. Calculate i(-10).
3
Let f(g) = -g**2 + 3*g + 28. What is f(-5)?
-12
Let i(x) = 4*x**2 - 2*x - 1. What is i(-1)?
5
Let u(w) = -5*w + 2. Calculate u(12).
-58
Let k(b) = -2*b**2 - 37*b + 58. Calculate k(-22).
-96
Let v(t) = -t**3 - 9*t**2 + 3*t - 7. Calculate v(-10).
63
Let s(r) = -r + 11. Determine s(8).
3
Let h(q) = 7*q + 113. What is h(-12)?
29
Let x(y) = 27*y - 15. Determine x(1).
12
Let w(p) = 16*p - 1. Determine w(1).
15
Let r(f) = -2*f**2 + 7*f + 58. What is r(-5)?
-27
Let n(r) = r**3 - 5*r**2 - 3*r + 5. What is n(5)?
-10
Let j(i) = -i**2 + 5*i - 3. Calculate j(3).
3
Let z(h) = -3*h**3 + 7*h**2 - 4*h - 2. Determine z(1).
-2
Let o(c) = -c**3 - 21*c**2 + 19*c - 65. Determine o(-22).
1
Let m(x) = -x + 4. Determine m(-5).
9
Let z(h) = h**3 - 48*h**2 + 91*h + 40. What is z(46)?
-6
Let r(p) = -4*p + 21. Give r(9).
-15
Let g(h) = -3*h - 27. Give g(-4).
-15
Let b(u) = -u**2 + 11*u - 6. Calculate b(12).
-18
Let y(u) = -14*u - 3. What is y(1)?
-17
Let z(s) = -s**3 + 15*s**2 + 7. Calculate z(15).
7
Let v(p) = -p**2 - 18*p + 24. Give v(-19).
5
Let i(p) = p**2 + 7*p + 1. What is i(-8)?
9
Let w(l) = -l - 12. What is w(-3)?
-9
Let p(y) = -8*y - 17. Calculate p(-5).
23
Let o(w) = w**3 - 3*w**2 - w - 24. Determine o(0).
-24
Let o(y) = y**2 + 41*y + 81. Give o(-39).
3
Let z(n) = -n**3 - 11*n**2 - 13*n - 12. Determine z(-10).
18
Let s(g) = g**2 - g - 8. Give s(4).
4
Let d(c) = -18*c + 38. Calculate d(2).
2
Let z(k) = k**3 - 13*k**2 - 15*k + 1. Determine z(14).
-13
Let k(o) = 2*o**2 - 24*o + 27. Give k(11).
5
Let u(s) = -s**2 + 24*s - 33. What is u(20)?
47
Let y(k) = -11*k + 83. Determine y(13).
-60
Let c(i) = -4*i**2 - 3*i - 1. What is c(-3)?
-28
Let b(o) = o**3 - 10*o**2 + 27*o - 11. What is b(5)?
-1
Let t(o) = -3*o + 33. Calculate t(6).
15
Let x(l) = 53*l**3 - 3*l**2 + l + 2. Give x(-1).
-55
Let v(i) = -i**3 - 20*i**2 + 21*i - 13. Calculate v(-21).
-13
Let h(w) = 8*w + 385. What is h(-46)?
17
Let d(g) = -11*g + 20. What is d(-4)?
64
Let k(y) = -y**3 - 9*y**2 + 9*y + 12. Determine k(-10).
22
Let r(u) = u**3 - 8*u**2 + 6*u - 6. Determine r(7).
-13
Let b(s) = -35*s + 247. Determine b(9).
-68
Let g(n) = 2*n + 7. Give g(-1).
5
Let h(r) = r - 29. Give h(1).
-28
Let k(j) = j**2 - 23*j + 2. Calculate k(0).
2
Let o(z) = -2*z - 10. Determine o(14).
-38
Let t(d) = 12*d + 112. Give t(-10).
-8
Let m(v) = 4*v**2 + 3*v + 1. What is m(-3)?
28
Let q(h) = h**3 + 28*h**2 - 29*h + 6. What is q(-29)?
6
Let v(f) = -3*f**2 - 7*f - 5. What is v(-4)?
-25
Let m(c) = -c**2 + 34*c - 38. What is m(31)?
55
Let s(z) = -13*z - 70. Calculate s(-6).
8
Let i(k) = -k**3 + 18*k**2 - 6*k + 86. Determine i(18).
-22
Let y(k) = 347*k + 346. Calculate y(-1).
-1
Let j(z) = -13*z - 355. What is j(-27)?
-4
Let z(g) = -g**3 + 9*g**2 - 15*g + 9. What is z(7)?
2
Let o(p) = 7*p**3 - 23*p**2 + 5*p + 4. Calculate o(3).
1
Let v(z) = -z**3 + 16*z**2 + 24*z - 64. Give v(17).
55
Let d(a) = 23*a - 330. Determine d(14).
-8
Let b(w) = w**3 + 11*w**2 - 10*w + 14. Give b(-12).
-10
Let y(f) = 11*f - 3